{"id":66,"date":"2026-01-20T08:00:40","date_gmt":"2026-01-20T08:00:40","guid":{"rendered":"https:\/\/www.sanromaasociados.com\/?page_id=66"},"modified":"2026-01-20T09:01:58","modified_gmt":"2026-01-20T09:01:58","slug":"fiscal","status":"publish","type":"page","link":"https:\/\/sanromaasociados.com\/ca\/fiscal\/","title":{"rendered":"Fiscal i Comptable"},"content":{"rendered":"<h2 style=\"text-align: justify;\"><strong>FISCAL:<\/strong><\/h2>\n<ul>\n<li style=\"text-align: justify;\">Declaraci\u00f3 censal dinici i cessament dactivitat i modificaci\u00f3 de dades.<\/li>\n<li style=\"text-align: justify;\">Planificaci\u00f3 fiscal a trav\u00e9s del disseny d&#039;estructures juridicofiscals adequades amb l&#039;objectiu principal de reduir la c\u00e0rrega tribut\u00e0ria i facilitar un seguiment adequat i totes aquelles gestions que habitualment s&#039;haguessin de fer davant de l&#039;Ag\u00e8ncia Tribut\u00e0ria.<\/li>\n<li style=\"text-align: justify;\">Consultes i reunions.<\/li>\n<li style=\"text-align: justify;\">Representaci\u00f3 davant dels diferents \u00f2rgans de gesti\u00f3 i inspecci\u00f3 de l&#039;Ag\u00e8ncia Tribut\u00e0ria en defensa dels interessos dels nostres clients.<\/li>\n<li style=\"text-align: justify;\">Rep\u00e0s, enregistrament i verificaci\u00f3 de dades.<\/li>\n<\/ul>\n<h2 style=\"text-align: justify;\"><strong>COMPTABLE:<\/strong><\/h2>\n<ul>\n<li style=\"text-align: justify;\">Mecanitzaci\u00f3 i gravat d\u201fapunts comptables segons la normativa vigent (Pla General de Comptabilitat i resolucions de l\u201fInstitut de Comptabilitat i Auditoria de Comptes).<\/li>\n<li style=\"text-align: justify;\">Elaboraci\u00f3 de llibres oficials de comptabilitat (llibre diari i inventari-comptes) en suport magn\u00e8tic.<\/li>\n<li style=\"text-align: justify;\">Preparaci\u00f3 i confecci\u00f3 dels comptes anuals per al posterior dip\u00f2sit en el Registre Mercantil.<\/li>\n<li style=\"text-align: justify;\">Elaboraci\u00f3 i legalitzaci\u00f3 de les actes daprovaci\u00f3 de resultat i la gesti\u00f3 de lexercici social.<\/li>\n<li style=\"text-align: justify;\">Estudi i an\u00e0lisi de projectes dinversi\u00f3 i finan\u00e7ament.<\/li>\n<li style=\"text-align: justify;\">Control i an\u00e0lisi trimestral dels resultats empresarials.<\/li>\n<li style=\"text-align: justify;\">Aplicacions comptables informatitzades.<\/li>\n<li style=\"text-align: justify;\">Serveis de mecanitzaci\u00f3 de dades comptables i manteniment de comptabilitats per personal qualificat per a aquelles empreses que no disposin de personal adequat o desitgin externalitzar aquestes funcions.<\/li>\n<\/ul>","protected":false},"excerpt":{"rendered":"<p>FISCAL: Declaraci\u00f3n censal de inicio y cese de actividad y modificaci\u00f3n de datos. Planificaci\u00f3n fiscal a trav\u00e9s del dise\u00f1o de estructuras jur\u00eddico-fiscales adecuadas con el objetivo principal de reducir la carga tributaria y facilitar un seguimiento adecuado y todas aquellas gestiones que habitualmente tuviesen que realizarse ante la Agencia Tributaria. Consultas y reuniones. Representaci\u00f3n ante [&hellip;]<\/p>\n","protected":false},"author":7,"featured_media":0,"parent":0,"menu_order":0,"comment_status":"closed","ping_status":"closed","template":"","meta":{"_et_pb_use_builder":"","_et_pb_old_content":"","_et_gb_content_width":"","footnotes":""},"class_list":["post-66","page","type-page","status-publish","hentry"],"yoast_head":"<!-- This site is optimized with the Yoast SEO plugin v26.9 - https:\/\/yoast.com\/product\/yoast-seo-wordpress\/ -->\n<title>Fiscal y Contable - Rafael Sanrom\u00e0<\/title>\n<meta name=\"description\" content=\"Fiscal y Contable. FISCAL: Declaraci\u00f3n censal de inicio y cese de actividad y modificaci\u00f3n de datos...\" \/>\n<meta name=\"robots\" content=\"index, follow, max-snippet:-1, max-image-preview:large, max-video-preview:-1\" \/>\n<link rel=\"canonical\" href=\"https:\/\/sanromaasociados.com\/ca\/fiscal\/\" \/>\n<meta property=\"og:locale\" content=\"ca_ES\" \/>\n<meta property=\"og:type\" content=\"article\" \/>\n<meta property=\"og:title\" content=\"Fiscal y Contable - Rafael Sanrom\u00e0\" \/>\n<meta property=\"og:description\" content=\"Fiscal y Contable. FISCAL: Declaraci\u00f3n censal de inicio y cese de actividad y modificaci\u00f3n de datos...\" \/>\n<meta property=\"og:url\" content=\"https:\/\/sanromaasociados.com\/ca\/fiscal\/\" \/>\n<meta property=\"og:site_name\" content=\"Rafael Sanrom\u00e0\" \/>\n<meta property=\"article:modified_time\" content=\"2026-01-20T09:01:58+00:00\" \/>\n<meta name=\"twitter:card\" content=\"summary_large_image\" \/>\n<meta name=\"twitter:label1\" content=\"Temps estimat de lectura\" \/>\n\t<meta name=\"twitter:data1\" content=\"1 minut\" \/>\n<script type=\"application\/ld+json\" class=\"yoast-schema-graph\">{\"@context\":\"https:\/\/schema.org\",\"@graph\":[{\"@type\":\"WebPage\",\"@id\":\"https:\/\/sanromaasociados.com\/fiscal\/\",\"url\":\"https:\/\/sanromaasociados.com\/fiscal\/\",\"name\":\"Fiscal y Contable - Rafael Sanrom\u00e0\",\"isPartOf\":{\"@id\":\"https:\/\/sanromaasociados.com\/#website\"},\"datePublished\":\"2026-01-20T08:00:40+00:00\",\"dateModified\":\"2026-01-20T09:01:58+00:00\",\"description\":\"Fiscal y Contable. FISCAL: Declaraci\u00f3n censal de inicio y cese de actividad y modificaci\u00f3n de datos...\",\"breadcrumb\":{\"@id\":\"https:\/\/sanromaasociados.com\/fiscal\/#breadcrumb\"},\"inLanguage\":\"ca\",\"potentialAction\":[{\"@type\":\"ReadAction\",\"target\":[\"https:\/\/sanromaasociados.com\/fiscal\/\"]}]},{\"@type\":\"BreadcrumbList\",\"@id\":\"https:\/\/sanromaasociados.com\/fiscal\/#breadcrumb\",\"itemListElement\":[{\"@type\":\"ListItem\",\"position\":1,\"name\":\"Portada\",\"item\":\"https:\/\/sanromaasociados.com\/\"},{\"@type\":\"ListItem\",\"position\":2,\"name\":\"Fiscal y Contable\"}]},{\"@type\":\"WebSite\",\"@id\":\"https:\/\/sanromaasociados.com\/#website\",\"url\":\"https:\/\/sanromaasociados.com\/\",\"name\":\"Rafael Sanrom\u00e0\",\"description\":\"Advocats Associats\",\"publisher\":{\"@id\":\"https:\/\/sanromaasociados.com\/#organization\"},\"potentialAction\":[{\"@type\":\"SearchAction\",\"target\":{\"@type\":\"EntryPoint\",\"urlTemplate\":\"https:\/\/sanromaasociados.com\/?s={search_term_string}\"},\"query-input\":{\"@type\":\"PropertyValueSpecification\",\"valueRequired\":true,\"valueName\":\"search_term_string\"}}],\"inLanguage\":\"ca\"},{\"@type\":\"Organization\",\"@id\":\"https:\/\/sanromaasociados.com\/#organization\",\"name\":\"Rafael Sanrom\u00e0\",\"url\":\"https:\/\/sanromaasociados.com\/\",\"logo\":{\"@type\":\"ImageObject\",\"inLanguage\":\"ca\",\"@id\":\"https:\/\/sanromaasociados.com\/#\/schema\/logo\/image\/\",\"url\":\"https:\/\/sanromaasociados.com\/wp-content\/uploads\/2021\/05\/cropped-download.jpg\",\"contentUrl\":\"https:\/\/sanromaasociados.com\/wp-content\/uploads\/2021\/05\/cropped-download.jpg\",\"width\":512,\"height\":512,\"caption\":\"Rafael Sanrom\u00e0\"},\"image\":{\"@id\":\"https:\/\/sanromaasociados.com\/#\/schema\/logo\/image\/\"}}]}<\/script>\n<!-- \/ Yoast SEO plugin. -->","yoast_head_json":{"title":"Fiscal i Comptable - Rafael Sanrom\u00e0","description":"Fiscal i comptable. FISCAL: Declaraci\u00f3 censal d&#039;inici i cessament d&#039;activitat i modificaci\u00f3 de dades...","robots":{"index":"index","follow":"follow","max-snippet":"max-snippet:-1","max-image-preview":"max-image-preview:large","max-video-preview":"max-video-preview:-1"},"canonical":"https:\/\/sanromaasociados.com\/ca\/fiscal\/","og_locale":"ca_ES","og_type":"article","og_title":"Fiscal y Contable - Rafael Sanrom\u00e0","og_description":"Fiscal y Contable. FISCAL: Declaraci\u00f3n censal de inicio y cese de actividad y modificaci\u00f3n de datos...","og_url":"https:\/\/sanromaasociados.com\/ca\/fiscal\/","og_site_name":"Rafael Sanrom\u00e0","article_modified_time":"2026-01-20T09:01:58+00:00","twitter_card":"summary_large_image","twitter_misc":{"Temps estimat de lectura":"1 minut"},"schema":{"@context":"https:\/\/schema.org","@graph":[{"@type":"WebPage","@id":"https:\/\/sanromaasociados.com\/fiscal\/","url":"https:\/\/sanromaasociados.com\/fiscal\/","name":"Fiscal i Comptable - Rafael Sanrom\u00e0","isPartOf":{"@id":"https:\/\/sanromaasociados.com\/#website"},"datePublished":"2026-01-20T08:00:40+00:00","dateModified":"2026-01-20T09:01:58+00:00","description":"Fiscal i comptable. FISCAL: Declaraci\u00f3 censal d&#039;inici i cessament d&#039;activitat i modificaci\u00f3 de dades...","breadcrumb":{"@id":"https:\/\/sanromaasociados.com\/fiscal\/#breadcrumb"},"inLanguage":"ca","potentialAction":[{"@type":"ReadAction","target":["https:\/\/sanromaasociados.com\/fiscal\/"]}]},{"@type":"BreadcrumbList","@id":"https:\/\/sanromaasociados.com\/fiscal\/#breadcrumb","itemListElement":[{"@type":"ListItem","position":1,"name":"Portada","item":"https:\/\/sanromaasociados.com\/"},{"@type":"ListItem","position":2,"name":"Fiscal y Contable"}]},{"@type":"WebSite","@id":"https:\/\/sanromaasociados.com\/#website","url":"https:\/\/sanromaasociados.com\/","name":"Rafael Sanrom\u00e0","description":"Advocats Associats","publisher":{"@id":"https:\/\/sanromaasociados.com\/#organization"},"potentialAction":[{"@type":"SearchAction","target":{"@type":"EntryPoint","urlTemplate":"https:\/\/sanromaasociados.com\/?s={search_term_string}"},"query-input":{"@type":"PropertyValueSpecification","valueRequired":true,"valueName":"search_term_string"}}],"inLanguage":"ca"},{"@type":"Organization","@id":"https:\/\/sanromaasociados.com\/#organization","name":"Rafael Sanrom\u00e0","url":"https:\/\/sanromaasociados.com\/","logo":{"@type":"ImageObject","inLanguage":"ca","@id":"https:\/\/sanromaasociados.com\/#\/schema\/logo\/image\/","url":"https:\/\/sanromaasociados.com\/wp-content\/uploads\/2021\/05\/cropped-download.jpg","contentUrl":"https:\/\/sanromaasociados.com\/wp-content\/uploads\/2021\/05\/cropped-download.jpg","width":512,"height":512,"caption":"Rafael Sanrom\u00e0"},"image":{"@id":"https:\/\/sanromaasociados.com\/#\/schema\/logo\/image\/"}}]}},"_links":{"self":[{"href":"https:\/\/sanromaasociados.com\/ca\/wp-json\/wp\/v2\/pages\/66","targetHints":{"allow":["GET"]}}],"collection":[{"href":"https:\/\/sanromaasociados.com\/ca\/wp-json\/wp\/v2\/pages"}],"about":[{"href":"https:\/\/sanromaasociados.com\/ca\/wp-json\/wp\/v2\/types\/page"}],"author":[{"embeddable":true,"href":"https:\/\/sanromaasociados.com\/ca\/wp-json\/wp\/v2\/users\/7"}],"replies":[{"embeddable":true,"href":"https:\/\/sanromaasociados.com\/ca\/wp-json\/wp\/v2\/comments?post=66"}],"version-history":[{"count":4,"href":"https:\/\/sanromaasociados.com\/ca\/wp-json\/wp\/v2\/pages\/66\/revisions"}],"predecessor-version":[{"id":766,"href":"https:\/\/sanromaasociados.com\/ca\/wp-json\/wp\/v2\/pages\/66\/revisions\/766"}],"wp:attachment":[{"href":"https:\/\/sanromaasociados.com\/ca\/wp-json\/wp\/v2\/media?parent=66"}],"curies":[{"name":"wp","href":"https:\/\/api.w.org\/{rel}","templated":true}]}}

<h2 style="text-align: justify;"><strong>FISCAL:</strong></h2>
<ul>
<li style="text-align: justify;">Declaració censal dinici i cessament dactivitat i modificació de dades.</li>
<li style="text-align: justify;">Planificació fiscal a través del disseny d&#039;estructures juridicofiscals adequades amb l&#039;objectiu principal de reduir la càrrega tributària i facilitar un seguiment adequat i totes aquelles gestions que habitualment s&#039;haguessin de fer davant de l&#039;Agència Tributària.</li>
<li style="text-align: justify;">Consultes i reunions.</li>
<li style="text-align: justify;">Representació davant dels diferents òrgans de gestió i inspecció de l&#039;Agència Tributària en defensa dels interessos dels nostres clients.</li>
<li style="text-align: justify;">Repàs, enregistrament i verificació de dades.</li>
</ul>
<h2 style="text-align: justify;"><strong>COMPTABLE:</strong></h2>
<ul>
<li style="text-align: justify;">Mecanització i gravat d‟apunts comptables segons la normativa vigent (Pla General de Comptabilitat i resolucions de l‟Institut de Comptabilitat i Auditoria de Comptes).</li>
<li style="text-align: justify;">Elaboració de llibres oficials de comptabilitat (llibre diari i inventari-comptes) en suport magnètic.</li>
<li style="text-align: justify;">Preparació i confecció dels comptes anuals per al posterior dipòsit en el Registre Mercantil.</li>
<li style="text-align: justify;">Elaboració i legalització de les actes daprovació de resultat i la gestió de lexercici social.</li>
<li style="text-align: justify;">Estudi i anàlisi de projectes dinversió i finançament.</li>
<li style="text-align: justify;">Control i anàlisi trimestral dels resultats empresarials.</li>
<li style="text-align: justify;">Aplicacions comptables informatitzades.</li>
<li style="text-align: justify;">Serveis de mecanització de dades comptables i manteniment de comptabilitats per personal qualificat per a aquelles empreses que no disposin de personal adequat o desitgin externalitzar aquestes funcions.</li>
</ul>

<p>FISCAL: Declaración censal de inicio y cese de actividad y modificación de datos. Planificación fiscal a través del diseño de estructuras jurídico-fiscales adecuadas con el objetivo principal de reducir la carga tributaria y facilitar un seguimiento adecuado y todas aquellas gestiones que habitualmente tuviesen que realizarse ante la Agencia Tributaria. Consultas y reuniones. Representación ante [&hellip;]</p>

<!-- This site is optimized with the Yoast SEO plugin v26.9 - https://yoast.com/product/yoast-seo-wordpress/ -->
<title>Fiscal y Contable - Rafael Sanromà</title>
<meta name="description" content="Fiscal y Contable. FISCAL: Declaración censal de inicio y cese de actividad y modificación de datos..." />
<meta name="robots" content="index, follow, max-snippet:-1, max-image-preview:large, max-video-preview:-1" />
<link rel="canonical" href="https://sanromaasociados.com/ca/fiscal/" />
<meta property="og:locale" content="ca_ES" />
<meta property="og:type" content="article" />
<meta property="og:title" content="Fiscal y Contable - Rafael Sanromà" />
<meta property="og:description" content="Fiscal y Contable. FISCAL: Declaración censal de inicio y cese de actividad y modificación de datos..." />
<meta property="og:url" content="https://sanromaasociados.com/ca/fiscal/" />
<meta property="og:site_name" content="Rafael Sanromà" />
<meta property="article:modified_time" content="2026-01-20T09:01:58+00:00" />
<meta name="twitter:card" content="summary_large_image" />
<meta name="twitter:label1" content="Temps estimat de lectura" />
	<meta name="twitter:data1" content="1 minut" />
<script type="application/ld+json" class="yoast-schema-graph">{"@context":"https://schema.org","@graph":[{"@type":"WebPage","@id":"https://sanromaasociados.com/fiscal/","url":"https://sanromaasociados.com/fiscal/","name":"Fiscal y Contable - Rafael Sanromà","isPartOf":{"@id":"https://sanromaasociados.com/#website"},"datePublished":"2026-01-20T08:00:40+00:00","dateModified":"2026-01-20T09:01:58+00:00","description":"Fiscal y Contable. FISCAL: Declaración censal de inicio y cese de actividad y modificación de datos...","breadcrumb":{"@id":"https://sanromaasociados.com/fiscal/#breadcrumb"},"inLanguage":"ca","potentialAction":[{"@type":"ReadAction","target":["https://sanromaasociados.com/fiscal/"]}]},{"@type":"BreadcrumbList","@id":"https://sanromaasociados.com/fiscal/#breadcrumb","itemListElement":[{"@type":"ListItem","position":1,"name":"Portada","item":"https://sanromaasociados.com/"},{"@type":"ListItem","position":2,"name":"Fiscal y Contable"}]},{"@type":"WebSite","@id":"https://sanromaasociados.com/#website","url":"https://sanromaasociados.com/","name":"Rafael Sanromà","description":"Advocats Associats","publisher":{"@id":"https://sanromaasociados.com/#organization"},"potentialAction":[{"@type":"SearchAction","target":{"@type":"EntryPoint","urlTemplate":"https://sanromaasociados.com/?s={search_term_string}"},"query-input":{"@type":"PropertyValueSpecification","valueRequired":true,"valueName":"search_term_string"}}],"inLanguage":"ca"},{"@type":"Organization","@id":"https://sanromaasociados.com/#organization","name":"Rafael Sanromà","url":"https://sanromaasociados.com/","logo":{"@type":"ImageObject","inLanguage":"ca","@id":"https://sanromaasociados.com/#/schema/logo/image/","url":"https://sanromaasociados.com/wp-content/uploads/2021/05/cropped-download.jpg","contentUrl":"https://sanromaasociados.com/wp-content/uploads/2021/05/cropped-download.jpg","width":512,"height":512,"caption":"Rafael Sanromà"},"image":{"@id":"https://sanromaasociados.com/#/schema/logo/image/"}}]}</script>
<!-- / Yoast SEO plugin. -->

Fiscal i Comptable - Rafael Sanromà

Fiscal i comptable. FISCAL: Declaració censal d&#039;inici i cessament d&#039;activitat i modificació de dades...

Fiscal y Contable - Rafael Sanromà

Fiscal y Contable. FISCAL: Declaración censal de inicio y cese de actividad y modificación de datos...

Rafael Sanromà
